{"id":150,"date":"2026-05-13T07:11:39","date_gmt":"2026-05-13T07:11:39","guid":{"rendered":"https:\/\/tftday.webs.upv.es\/?page_id=150"},"modified":"2026-05-13T09:23:43","modified_gmt":"2026-05-13T09:23:43","slug":"inicio","status":"publish","type":"page","link":"https:\/\/tftday.webs.upv.es\/","title":{"rendered":"TFT DAY Inicio"},"content":{"rendered":"\t\t<div data-elementor-type=\"wp-page\" data-elementor-id=\"150\" class=\"elementor elementor-150\">\n\t\t\t\t<div class=\"elementor-element elementor-element-6d5ccc5 e-con-full e-flex e-con e-parent\" data-id=\"6d5ccc5\" data-element_type=\"container\" data-e-type=\"container\" data-settings=\"{&quot;background_background&quot;:&quot;classic&quot;}\">\n\t\t<div class=\"elementor-element elementor-element-eb1dfc1 e-con-full e-flex e-con e-child\" data-id=\"eb1dfc1\" data-element_type=\"container\" data-e-type=\"container\" data-settings=\"{&quot;background_background&quot;:&quot;classic&quot;,&quot;position&quot;:&quot;absolute&quot;}\">\n\t\t\t\t<div class=\"elementor-element elementor-element-4e750c5 elementor-widget elementor-widget-heading\" data-id=\"4e750c5\" data-element_type=\"widget\" data-e-type=\"widget\" data-widget_type=\"heading.default\">\n\t\t\t\t\t<h2 class=\"elementor-heading-title elementor-size-default\"><strong>Jornadas de Innovaci\u00f3n y Excelencia Tecnol\u00f3gica: TFT DAYS<\/strong><\/h2>\t\t\t\t<\/div>\n\t\t\t\t<div class=\"elementor-element elementor-element-b8ef343 elementor-widget elementor-widget-text-editor\" data-id=\"b8ef343\" data-element_type=\"widget\" data-e-type=\"widget\" data-widget_type=\"text-editor.default\">\n\t\t\t\t\t\t\t\t\t<p>Un espacio de intercambio profesional dise\u00f1ado para dar visibilidad a la excelencia de los trabajos de fin de grado y m\u00e1ster bajo un formato din\u00e1mico y accesible. A trav\u00e9s de una cuidada s\u00edntesis visual, los proyectos se presentan de forma estrat\u00e9gica para facilitar la conexi\u00f3n directa con el sector empresarial, permitiendo conocer con agilidad el rigor t\u00e9cnico y la capacidad de innovaci\u00f3n que definen a los nuevos titulados de nuestra escuela.<\/p>\t\t\t\t\t\t\t\t<\/div>\n\t\t\t\t<\/div>\n\t\t<div class=\"elementor-element elementor-element-8b2224f e-con-full e-flex e-con e-child\" data-id=\"8b2224f\" data-element_type=\"container\" data-e-type=\"container\" data-settings=\"{&quot;background_background&quot;:&quot;classic&quot;,&quot;position&quot;:&quot;absolute&quot;}\">\n\t\t<div class=\"elementor-element elementor-element-7886790 e-con-full e-flex e-con e-child\" data-id=\"7886790\" data-element_type=\"container\" data-e-type=\"container\">\n\t\t\t\t<div class=\"elementor-element elementor-element-91025a5 elementor-position-left elementor-vertical-align-middle elementor-widget elementor-widget-image-box\" data-id=\"91025a5\" data-element_type=\"widget\" data-e-type=\"widget\" data-widget_type=\"image-box.default\">\n\t\t\t\t\t<div class=\"elementor-image-box-wrapper\"><figure class=\"elementor-image-box-img\"><img fetchpriority=\"high\" decoding=\"async\" width=\"1598\" height=\"1405\" src=\"https:\/\/tftday.webs.upv.es\/wp-content\/uploads\/2026\/05\/calendario2.png\" class=\"attachment-full size-full wp-image-87\" alt=\"\" srcset=\"https:\/\/tftday.webs.upv.es\/wp-content\/uploads\/2026\/05\/calendario2.png 1598w, https:\/\/tftday.webs.upv.es\/wp-content\/uploads\/2026\/05\/calendario2-300x264.png 300w, https:\/\/tftday.webs.upv.es\/wp-content\/uploads\/2026\/05\/calendario2-1024x900.png 1024w, https:\/\/tftday.webs.upv.es\/wp-content\/uploads\/2026\/05\/calendario2-768x675.png 768w, https:\/\/tftday.webs.upv.es\/wp-content\/uploads\/2026\/05\/calendario2-1536x1350.png 1536w\" sizes=\"(max-width: 1598px) 100vw, 1598px\" \/><\/figure><div class=\"elementor-image-box-content\"><h1 class=\"elementor-image-box-title\">Fecha<\/h1><p class=\"elementor-image-box-description\">10 de Julio 2026<\/p><\/div><\/div>\t\t\t\t<\/div>\n\t\t\t\t<\/div>\n\t\t<div class=\"elementor-element elementor-element-9167c16 e-con-full e-flex e-con e-child\" data-id=\"9167c16\" data-element_type=\"container\" data-e-type=\"container\">\n\t\t\t\t<div class=\"elementor-element elementor-element-2072891 elementor-position-left elementor-vertical-align-middle elementor-widget elementor-widget-image-box\" data-id=\"2072891\" data-element_type=\"widget\" data-e-type=\"widget\" data-widget_type=\"image-box.default\">\n\t\t\t\t\t<div class=\"elementor-image-box-wrapper\"><figure class=\"elementor-image-box-img\"><img decoding=\"async\" width=\"1295\" height=\"1631\" src=\"https:\/\/tftday.webs.upv.es\/wp-content\/uploads\/2026\/05\/pasador-de-ubicacion2-1.png\" class=\"attachment-full size-full wp-image-90\" alt=\"\" srcset=\"https:\/\/tftday.webs.upv.es\/wp-content\/uploads\/2026\/05\/pasador-de-ubicacion2-1.png 1295w, https:\/\/tftday.webs.upv.es\/wp-content\/uploads\/2026\/05\/pasador-de-ubicacion2-1-238x300.png 238w, https:\/\/tftday.webs.upv.es\/wp-content\/uploads\/2026\/05\/pasador-de-ubicacion2-1-813x1024.png 813w, https:\/\/tftday.webs.upv.es\/wp-content\/uploads\/2026\/05\/pasador-de-ubicacion2-1-768x967.png 768w, https:\/\/tftday.webs.upv.es\/wp-content\/uploads\/2026\/05\/pasador-de-ubicacion2-1-1220x1536.png 1220w\" sizes=\"(max-width: 1295px) 100vw, 1295px\" \/><\/figure><div class=\"elementor-image-box-content\"><h1 class=\"elementor-image-box-title\">Ubicaci\u00f3n<\/h1><p class=\"elementor-image-box-description\">Valencia (Espa\u00f1a)<\/p><\/div><\/div>\t\t\t\t<\/div>\n\t\t\t\t<\/div>\n\t\t<div class=\"elementor-element elementor-element-afa495f e-con-full e-flex e-con e-child\" data-id=\"afa495f\" data-element_type=\"container\" data-e-type=\"container\">\n\t\t\t\t<div class=\"elementor-element elementor-element-f096fb0 elementor-position-left elementor-vertical-align-middle elementor-widget elementor-widget-image-box\" data-id=\"f096fb0\" data-element_type=\"widget\" data-e-type=\"widget\" data-widget_type=\"image-box.default\">\n\t\t\t\t\t<div class=\"elementor-image-box-wrapper\"><figure class=\"elementor-image-box-img\"><img decoding=\"async\" width=\"2113\" height=\"1510\" src=\"https:\/\/tftday.webs.upv.es\/wp-content\/uploads\/2026\/05\/personas2-1.png\" class=\"attachment-full size-full wp-image-91\" alt=\"\" srcset=\"https:\/\/tftday.webs.upv.es\/wp-content\/uploads\/2026\/05\/personas2-1.png 2113w, https:\/\/tftday.webs.upv.es\/wp-content\/uploads\/2026\/05\/personas2-1-300x214.png 300w, https:\/\/tftday.webs.upv.es\/wp-content\/uploads\/2026\/05\/personas2-1-1024x732.png 1024w, https:\/\/tftday.webs.upv.es\/wp-content\/uploads\/2026\/05\/personas2-1-768x549.png 768w, https:\/\/tftday.webs.upv.es\/wp-content\/uploads\/2026\/05\/personas2-1-1536x1098.png 1536w, https:\/\/tftday.webs.upv.es\/wp-content\/uploads\/2026\/05\/personas2-1-2048x1464.png 2048w\" sizes=\"(max-width: 2113px) 100vw, 2113px\" \/><\/figure><div class=\"elementor-image-box-content\"><h1 class=\"elementor-image-box-title\">Organiza<\/h1><p class=\"elementor-image-box-description\">Universitat Polit\u00e8cnica de Val\u00e8ncia<\/p><\/div><\/div>\t\t\t\t<\/div>\n\t\t\t\t<\/div>\n\t\t\t\t<\/div>\n\t\t\t\t<\/div>\n\t\t<div class=\"elementor-element elementor-element-5429f8c e-con-full e-flex e-con e-parent\" data-id=\"5429f8c\" data-element_type=\"container\" data-e-type=\"container\" data-settings=\"{&quot;background_background&quot;:&quot;classic&quot;}\">\n\t\t<div class=\"elementor-element elementor-element-0b1fd21 e-con-full e-flex e-con e-child\" data-id=\"0b1fd21\" data-element_type=\"container\" data-e-type=\"container\">\n\t\t\t\t<div class=\"elementor-element elementor-element-b0a294b elementor-widget elementor-widget-shortcode\" data-id=\"b0a294b\" data-element_type=\"widget\" data-e-type=\"widget\" data-widget_type=\"shortcode.default\">\n\t\t\t\t\t\t\t<div class=\"elementor-shortcode\"><div id=\"metaslider-id-111\" style=\"width: 100%;\" class=\"ml-slider-3-109-0 metaslider metaslider-flex metaslider-111 ml-slider has-dots-nav ms-theme-bubble\" role=\"region\" aria-label=\"Nueva presentaci\u00f3n de diapositivas\" data-height=\"300\" data-width=\"700\">\n    <div id=\"metaslider_container_111\">\n        <div id=\"metaslider_111\">\n            <ul aria-live='off' class='slides'>\n                <li style=\"display: block; width: 100%;\" class=\"slide-112 ms-image \" aria-roledescription=\"slide\" data-date=\"2026-05-05 08:56:27\" data-filename=\"3-700x300.jpeg\" data-slide-type=\"image\"><img loading=\"lazy\" decoding=\"async\" src=\"https:\/\/tftday.webs.upv.es\/wp-content\/uploads\/2026\/05\/3-700x300.jpeg\" height=\"300\" width=\"700\" alt=\"\" class=\"slider-111 slide-112 msDefaultImage\" title=\"3\" \/><\/li>\n                <li style=\"display: none; width: 100%;\" class=\"slide-113 ms-image \" aria-roledescription=\"slide\" data-date=\"2026-05-05 08:56:27\" data-filename=\"2-700x300.jpeg\" data-slide-type=\"image\"><img loading=\"lazy\" decoding=\"async\" src=\"https:\/\/tftday.webs.upv.es\/wp-content\/uploads\/2026\/05\/2-700x300.jpeg\" height=\"300\" width=\"700\" alt=\"\" class=\"slider-111 slide-113 msDefaultImage\" title=\"2\" \/><\/li>\n                <li style=\"display: none; width: 100%;\" class=\"slide-114 ms-image \" aria-roledescription=\"slide\" data-date=\"2026-05-05 08:56:27\" data-filename=\"1-1-700x300.jpeg\" data-slide-type=\"image\"><img loading=\"lazy\" decoding=\"async\" src=\"https:\/\/tftday.webs.upv.es\/wp-content\/uploads\/2026\/05\/1-1-700x300.jpeg\" height=\"300\" width=\"700\" alt=\"\" class=\"slider-111 slide-114 msDefaultImage\" title=\"1\" \/><\/li>\n                <li style=\"display: none; width: 100%;\" class=\"slide-115 ms-image \" aria-roledescription=\"slide\" data-date=\"2026-05-05 08:56:27\" data-filename=\"1-700x300.jpeg\" data-slide-type=\"image\"><img loading=\"lazy\" decoding=\"async\" src=\"https:\/\/tftday.webs.upv.es\/wp-content\/uploads\/2026\/05\/1-700x300.jpeg\" height=\"300\" width=\"700\" alt=\"\" class=\"slider-111 slide-115 msDefaultImage\" title=\"1\" \/><\/li>\n            <\/ul>\n        <\/div>\n        \n    <\/div>\n<\/div><\/div>\n\t\t\t\t\t\t<\/div>\n\t\t\t\t<\/div>\n\t\t<div class=\"elementor-element elementor-element-54e0a8b e-con-full e-flex e-con e-child\" data-id=\"54e0a8b\" data-element_type=\"container\" data-e-type=\"container\">\n\t\t\t\t<div class=\"elementor-element elementor-element-1c17bb6 elementor-widget elementor-widget-heading\" data-id=\"1c17bb6\" data-element_type=\"widget\" data-e-type=\"widget\" data-widget_type=\"heading.default\">\n\t\t\t\t\t<h2 class=\"elementor-heading-title elementor-size-default\"><strong>Un escaparate disruptivo para el ingenio t\u00e9cnico y creativo<\/strong><\/h2>\t\t\t\t<\/div>\n\t\t\t\t<div class=\"elementor-element elementor-element-b9037f3 elementor-widget elementor-widget-text-editor\" data-id=\"b9037f3\" data-element_type=\"widget\" data-e-type=\"widget\" data-widget_type=\"text-editor.default\">\n\t\t\t\t\t\t\t\t\t<p>Los <strong>TFT Days<\/strong> son el evento de referencia de la Escuela T\u00e9cnica Superior de Ingenier\u00eda Aeroespacial y Dise\u00f1o Industrial (ETSIADI), donde el talento acad\u00e9mico y el mundo profesional se encuentran. M\u00e1s que una simple evaluaci\u00f3n, los TFT Days nacen como un Congreso de Innovaci\u00f3n dise\u00f1ado para dar visibilidad a los Trabajos de Final de Grado (TFG) y Final de M\u00e1ster (TFM) en un formato din\u00e1mico, profesional y abierto.<\/p>\t\t\t\t\t\t\t\t<\/div>\n\t\t\t\t<\/div>\n\t\t\t\t<\/div>\n\t\t<div class=\"elementor-element elementor-element-cc9f5bb e-con-full e-flex e-con e-parent\" data-id=\"cc9f5bb\" data-element_type=\"container\" data-e-type=\"container\" data-settings=\"{&quot;background_background&quot;:&quot;classic&quot;}\">\n\t\t<div class=\"elementor-element elementor-element-031d4fb e-con-full e-flex e-con e-child\" data-id=\"031d4fb\" data-element_type=\"container\" data-e-type=\"container\">\n\t\t\t\t<div class=\"elementor-element elementor-element-cea4a7d elementor-widget elementor-widget-image\" data-id=\"cea4a7d\" data-element_type=\"widget\" data-e-type=\"widget\" data-widget_type=\"image.default\">\n\t\t\t\t\t\t\t\t\t\t\t\t\t\t\t<img loading=\"lazy\" decoding=\"async\" width=\"1024\" height=\"1024\" src=\"https:\/\/tftday.webs.upv.es\/wp-content\/uploads\/2026\/05\/mapa-vial3-1024x1024.png\" class=\"attachment-large size-large wp-image-142\" alt=\"\" srcset=\"https:\/\/tftday.webs.upv.es\/wp-content\/uploads\/2026\/05\/mapa-vial3-1024x1024.png 1024w, https:\/\/tftday.webs.upv.es\/wp-content\/uploads\/2026\/05\/mapa-vial3-300x300.png 300w, https:\/\/tftday.webs.upv.es\/wp-content\/uploads\/2026\/05\/mapa-vial3-150x150.png 150w, https:\/\/tftday.webs.upv.es\/wp-content\/uploads\/2026\/05\/mapa-vial3-768x768.png 768w, https:\/\/tftday.webs.upv.es\/wp-content\/uploads\/2026\/05\/mapa-vial3-1536x1536.png 1536w, https:\/\/tftday.webs.upv.es\/wp-content\/uploads\/2026\/05\/mapa-vial3.png 1598w\" sizes=\"(max-width: 1024px) 100vw, 1024px\" \/>\t\t\t\t\t\t\t\t\t\t\t\t\t\t\t<\/div>\n\t\t\t\t<\/div>\n\t\t\t\t<div class=\"elementor-element elementor-element-b7af686 elementor-widget elementor-widget-text-editor\" data-id=\"b7af686\" data-element_type=\"widget\" data-e-type=\"widget\" data-widget_type=\"text-editor.default\">\n\t\t\t\t\t\t\t\t\t<p><strong>\u00abLa s\u00edntesis t\u00e9cnica no es solo condensar informaci\u00f3n en un formato gr\u00e1fico, sino transformar el rigor acad\u00e9mico en una herramienta de conexi\u00f3n estrat\u00e9gica que potencie la visibilidad del talento frente al sector industrial\u00bb<\/strong><\/p>\t\t\t\t\t\t\t\t<\/div>\n\t\t\t\t<\/div>\n\t\t\t\t<\/div>\n\t\t","protected":false},"excerpt":{"rendered":"<p>Jornadas de Innovaci\u00f3n y Excelencia Tecnol\u00f3gica: TFT DAYS Un espacio de intercambio profesional dise\u00f1ado para dar visibilidad a la excelencia de los trabajos de fin de grado y m\u00e1ster bajo un formato din\u00e1mico y accesible. A trav\u00e9s de una cuidada s\u00edntesis visual, los proyectos se presentan de forma estrat\u00e9gica para facilitar la conexi\u00f3n directa con [&hellip;]<\/p>\n","protected":false},"author":1,"featured_media":0,"parent":0,"menu_order":0,"comment_status":"closed","ping_status":"closed","template":"","meta":{"footnotes":""},"class_list":["post-150","page","type-page","status-publish","hentry"],"_links":{"self":[{"href":"https:\/\/tftday.webs.upv.es\/index.php?rest_route=\/wp\/v2\/pages\/150","targetHints":{"allow":["GET"]}}],"collection":[{"href":"https:\/\/tftday.webs.upv.es\/index.php?rest_route=\/wp\/v2\/pages"}],"about":[{"href":"https:\/\/tftday.webs.upv.es\/index.php?rest_route=\/wp\/v2\/types\/page"}],"author":[{"embeddable":true,"href":"https:\/\/tftday.webs.upv.es\/index.php?rest_route=\/wp\/v2\/users\/1"}],"replies":[{"embeddable":true,"href":"https:\/\/tftday.webs.upv.es\/index.php?rest_route=%2Fwp%2Fv2%2Fcomments&post=150"}],"version-history":[{"count":29,"href":"https:\/\/tftday.webs.upv.es\/index.php?rest_route=\/wp\/v2\/pages\/150\/revisions"}],"predecessor-version":[{"id":190,"href":"https:\/\/tftday.webs.upv.es\/index.php?rest_route=\/wp\/v2\/pages\/150\/revisions\/190"}],"wp:attachment":[{"href":"https:\/\/tftday.webs.upv.es\/index.php?rest_route=%2Fwp%2Fv2%2Fmedia&parent=150"}],"curies":[{"name":"wp","href":"https:\/\/api.w.org\/{rel}","templated":true}]}}